{"id":1180,"date":"2020-11-13T15:04:12","date_gmt":"2020-11-13T14:04:12","guid":{"rendered":"https:\/\/www.palazzomagnani.it\/myfpm\/product\/import-placeholder-for-7864\/"},"modified":"2025-12-12T16:34:36","modified_gmt":"2025-12-12T15:34:36","slug":"guido-tirelli-architetto-una-scoperta-nel-liberty-emiliano","status":"publish","type":"product","link":"https:\/\/www.palazzomagnani.it\/myfpm\/prodotto\/guido-tirelli-architetto-una-scoperta-nel-liberty-emiliano\/","title":{"rendered":"Guido Tirelli architetto. Una scoperta nel liberty emiliano"},"content":{"rendered":"<p>Guido Tirelli (Reggio Emilia, 1883 &#8211; Barcellona, 1940) lavora a Salsomaggiore dal 1913 al 1925 con la carica di ingegnere capo del Comune. Qui elabora il primo piano regolatore ispirandosi &#8211; unico caso in Italia insieme a quello di Milanino &#8211; ai criteri della citt\u00e0 -giardino ed entra in contatto con alcune delle maggiori personalit\u00e0 artistiche e culturali dell&#8217;epoca tra cui l&#8217;architetto e storico piacentino Giulio Ulisse Arata. Ma \u00e8 soprattutto a Milano, con il progetto di ristrutturazione del Teatro Carcano (1925 circa) e di diversi edifici d&#8217;abitazione, a Piacenza con la realizzazione della Loggetta delle Grida (1917), a Sanremo con la costruzione del Cinema Teatro Centrale (1924) in collaborazione con Galileo Chini e Alessandro Mazzucotelli e nell&#8217;Agro Pontino con la realizzazione di scuole e chiese per i nuovi Villaggi Rurali sorti dalle bonifiche fasciste, che Tirelli assume una dimensione nazionale. Dimensione che trova il momento di massima conferma con la pubblicazione nel 1923, ad opera della Crudo e C. Edizioni Artistiche di Torino (una delle pi\u00f9 importanti case editrici del liberty), del volume monografico Palazzine e ville signorili. Gli Anni &#8217;20 segnano l&#8217;apice del suo successo professionale con incarichi in tutta la penisola &#8211; Brindisi, Bologna, Genova, Milano &#8211; anche se \u00e8 nella sua citt\u00e0 natale che Tirelli lascia i segni pi\u00f9 evidenti della sua evoluzione professionale: l&#8217;Albergo Posta (1910-1926), l&#8217;ammodernamento del Teatro Ariosto (1927) e numerosi palazzi e ville, tra cui Villa Zironi (1925).<\/p>\n","protected":false},"excerpt":{"rendered":"<p>2001<br \/>\n22\u00d724 cm;<br \/>\n281 pagine<br \/>\n200 illustrazioni a colori e b\/n<\/p>\n","protected":false},"featured_media":1569,"template":"","meta":[],"product_brand":[],"product_cat":[30],"product_tag":[42,31,43,44],"class_list":{"0":"post-1180","1":"product","2":"type-product","3":"status-publish","4":"has-post-thumbnail","6":"product_cat-cataloghi-di-mostre","7":"product_tag-architettura","8":"product_tag-arte","9":"product_tag-guido-tirelli","10":"product_tag-liberty","12":"first","13":"outofstock","14":"sale","15":"shipping-taxable","16":"purchasable","17":"product-type-simple"},"_links":{"self":[{"href":"https:\/\/www.palazzomagnani.it\/myfpm\/wp-json\/wp\/v2\/product\/1180","targetHints":{"allow":["GET"]}}],"collection":[{"href":"https:\/\/www.palazzomagnani.it\/myfpm\/wp-json\/wp\/v2\/product"}],"about":[{"href":"https:\/\/www.palazzomagnani.it\/myfpm\/wp-json\/wp\/v2\/types\/product"}],"wp:featuredmedia":[{"embeddable":true,"href":"https:\/\/www.palazzomagnani.it\/myfpm\/wp-json\/wp\/v2\/media\/1569"}],"wp:attachment":[{"href":"https:\/\/www.palazzomagnani.it\/myfpm\/wp-json\/wp\/v2\/media?parent=1180"}],"wp:term":[{"taxonomy":"product_brand","embeddable":true,"href":"https:\/\/www.palazzomagnani.it\/myfpm\/wp-json\/wp\/v2\/product_brand?post=1180"},{"taxonomy":"product_cat","embeddable":true,"href":"https:\/\/www.palazzomagnani.it\/myfpm\/wp-json\/wp\/v2\/product_cat?post=1180"},{"taxonomy":"product_tag","embeddable":true,"href":"https:\/\/www.palazzomagnani.it\/myfpm\/wp-json\/wp\/v2\/product_tag?post=1180"}],"curies":[{"name":"wp","href":"https:\/\/api.w.org\/{rel}","templated":true}]}}