{"id":1231,"date":"2020-11-13T15:04:37","date_gmt":"2020-11-13T14:04:37","guid":{"rendered":"https:\/\/www.palazzomagnani.it\/myfpm\/product\/import-placeholder-for-9539\/"},"modified":"2020-12-09T16:51:23","modified_gmt":"2020-12-09T15:51:23","slug":"edward-steichen-lalta-moda-gli-anni-di-conde-nast-1923-1937","status":"publish","type":"product","link":"https:\/\/www.palazzomagnani.it\/myfpm\/prodotto\/edward-steichen-lalta-moda-gli-anni-di-conde-nast-1923-1937\/","title":{"rendered":"Edward Steichen. L\u2019alta moda. Gli anni di Cond\u00e9 Nast 1923\u20131937"},"content":{"rendered":"<p>Steichen era gi\u00e0 pittore e fotografo affermato sulle due sponde dell\u2019Atlantico quando, nei primi mesi del 1923, gli offrirono l\u2019incarico pi\u00f9 prestigioso e certamente pi\u00f9 redditizio nel campo della fotografia commerciale, quello di fotografo capo per \u201cVogue\u201d e \u201cVanity Fair\u201d, le autorevoli e influenti riviste Cond\u00e9 Nast di moda e costume. Nel corso di quindici anni Steichen produsse un corpus di opere di ineguagliabile genialit\u00e0 e si avvalse del proprio talento straordinario, accompagnato da una prorompente vitalit\u00e0, per rappresentare e valorizzare la cultura contemporanea e i massimi esponenti della vita politica, letteraria, teatrale, operistica, con un occhio di riguardo per il mondo dell\u2019alta moda.<br \/>\nAvendo personalmente frequentato gli ambienti artistici pi\u00f9 progressisti in patria e all\u2019estero ed essendo un eclettico di carattere, era l\u2019interprete ideale dell\u2019alta moda in fotografia. Il suo era uno stile preciso, sofisticato e puntuale ed \u00e8 evidente la sua influenza sull\u2019opera di Richard Avedon, Horst P. Horst, George Hoyningen-Huene, Bruce Weber e non solo.<br \/>\nL\u2019archivio Steichen presso Cond\u00e9 Nast custodisce, oltre alle formidabili fotografie di moda, oltre 2000 stampe originali tra cui alcuni eccellenti ritratti di Winston Churchill, Cecil B. DeMille, Marlene Dietrich, Amelia Earhart, Greta Garbo, George Gershwin, Frank Lloyd Wright e di un\u2019infinit\u00e0 di altri personaggi famosi. Ma stranamente finora \u00e8 stato esposto e pubblicato solo un numero infinitesimale di queste stampe. Gli anni venti e trenta rappresentano il momento culminante della carriera fotografica di Steichen e tra le opere da lui realizzate per \u201cVogue\u201d e \u201cVanity Fair\u201d si annoverano alcune delle pi\u00f9 stupefacenti fotografie del XX secolo.<\/p>\n","protected":false},"excerpt":{"rendered":"<p>Skira, 2007<br \/>\n25,4 x 30,5 cm<br \/>\n288 pagine<br \/>\n250 illustrazioni a colori<\/p>\n","protected":false},"featured_media":1559,"template":"","meta":[],"product_brand":[],"product_cat":[30],"product_tag":[31,81,79,40,80],"class_list":{"0":"post-1231","1":"product","2":"type-product","3":"status-publish","4":"has-post-thumbnail","6":"product_cat-cataloghi-di-mostre","7":"product_tag-arte","8":"product_tag-conde-nast","9":"product_tag-edward-steichen","10":"product_tag-fotografia","11":"product_tag-moda","13":"first","14":"instock","15":"sale","16":"shipping-taxable","17":"purchasable","18":"product-type-simple"},"_links":{"self":[{"href":"https:\/\/www.palazzomagnani.it\/myfpm\/wp-json\/wp\/v2\/product\/1231","targetHints":{"allow":["GET"]}}],"collection":[{"href":"https:\/\/www.palazzomagnani.it\/myfpm\/wp-json\/wp\/v2\/product"}],"about":[{"href":"https:\/\/www.palazzomagnani.it\/myfpm\/wp-json\/wp\/v2\/types\/product"}],"wp:featuredmedia":[{"embeddable":true,"href":"https:\/\/www.palazzomagnani.it\/myfpm\/wp-json\/wp\/v2\/media\/1559"}],"wp:attachment":[{"href":"https:\/\/www.palazzomagnani.it\/myfpm\/wp-json\/wp\/v2\/media?parent=1231"}],"wp:term":[{"taxonomy":"product_brand","embeddable":true,"href":"https:\/\/www.palazzomagnani.it\/myfpm\/wp-json\/wp\/v2\/product_brand?post=1231"},{"taxonomy":"product_cat","embeddable":true,"href":"https:\/\/www.palazzomagnani.it\/myfpm\/wp-json\/wp\/v2\/product_cat?post=1231"},{"taxonomy":"product_tag","embeddable":true,"href":"https:\/\/www.palazzomagnani.it\/myfpm\/wp-json\/wp\/v2\/product_tag?post=1231"}],"curies":[{"name":"wp","href":"https:\/\/api.w.org\/{rel}","templated":true}]}}