{"id":1233,"date":"2020-11-13T15:04:37","date_gmt":"2020-11-13T14:04:37","guid":{"rendered":"https:\/\/www.palazzomagnani.it\/myfpm\/product\/import-placeholder-for-9543\/"},"modified":"2026-02-13T13:33:13","modified_gmt":"2026-02-13T12:33:13","slug":"vivaldo-poli-dipinti-1932-1981","status":"publish","type":"product","link":"https:\/\/www.palazzomagnani.it\/myfpm\/prodotto\/vivaldo-poli-dipinti-1932-1981\/","title":{"rendered":"Vivaldo Poli. Dipinti, 1932-1981"},"content":{"rendered":"<p>Il volume ripercorre l\u2019intero arco dell\u2019attivit\u00e0 di Poli, con particolare riferimento al periodo di maggiore interesse nella sua produzione artistica, ovvero il ventennio tra la fine degli anni Quaranta e i primissimi anni Settanta. Poli nasce come artista figurativo. Dopo aver assorbito la lezione di C\u00e9zanne e di Matisse, gi\u00e0 negli anni Trenta, sub\u00ec il fascino del surrealismo e, negli anni Quaranta del postcubismo picassiano, per poi inoltrarsi liberamente nelle suggestioni del segno e della materia pittorica proprie dell\u2019Informale, padroneggiati con talento e chiarezza di visione.<br \/>\nIl periodo che va dai primi anni Cinquanta ai primi anni Settanta risente di una pittura di grande sensibilit\u00e0 e qualit\u00e0, che evoca gli esiti di artisti quali Soulages, Hartung, Riopelle, Nicholson, William Scott, Pasmore, oltre che di alcuni protagonisti dell\u2019espressionismo astratto americano.<br \/>\nUomo di grande cultura, Poli era un vorace lettore di romanzi, di poesie e di saggi di filosofia e di estetica, nonch\u00e9 appassionato di musica contemporanea (da John Cage a Karlheinz Stockhausen, ai quali dedic\u00f2 alcuni dipinti, fino ai pi\u00f9 innovativi gruppi pop internazionali); i commenti annotati nei quaderni d\u2019appunti conservati nel Fondo Poli alla Biblioteca di Novellara, dimostrano un\u2019inesausta curiosit\u00e0. In verit\u00e0, Poli mai si mosse dalla natia Novellara, salvo per gli obblighi derivanti dal servizio militare e per i viaggi intrapresi per recarsi a vedere mostre e musei, e pu\u00f2 essere considerato uno degli esempi pi\u00f9 fulgidi di come possa essere intesa la fedelt\u00e0 alle proprie radici. Era tuttavia aperto al nuovo, guardava verso le esperienze artistiche e le idee che stavano cambiando il mondo. Nel 1939, Poli scriveva, con lucida consapevolezza della propria condizione, con una sorta di struggimento interiore: \u201cVivere in mezzo a gente che non aspira e non conosce i miei ideali, \u00e8 un grande piacere per me. Cos\u00ec io resto pi\u00f9 intensamente solo con i miei occhi e con la mia pittura. La gente che mi circonda non sa nulla di ci\u00f2 che faccio, ragione di pi\u00f9 per rimanere cos\u00ec tutto solo con l\u2019arte e con me stesso.\u201d<\/p>\n","protected":false},"excerpt":{"rendered":"<p>Skira, 2009<br \/>\n21\u00d728 cm<br \/>\n232 pagine<br \/>\n245 illustrazioni a colori<\/p>\n","protected":false},"featured_media":1561,"template":"","meta":[],"product_brand":[],"product_cat":[30],"product_tag":[31,48,84],"class_list":{"0":"post-1233","1":"product","2":"type-product","3":"status-publish","4":"has-post-thumbnail","6":"product_cat-cataloghi-di-mostre","7":"product_tag-arte","8":"product_tag-pittura","9":"product_tag-vivaldo-poli","11":"first","12":"outofstock","13":"sale","14":"shipping-taxable","15":"purchasable","16":"product-type-simple"},"_links":{"self":[{"href":"https:\/\/www.palazzomagnani.it\/myfpm\/wp-json\/wp\/v2\/product\/1233","targetHints":{"allow":["GET"]}}],"collection":[{"href":"https:\/\/www.palazzomagnani.it\/myfpm\/wp-json\/wp\/v2\/product"}],"about":[{"href":"https:\/\/www.palazzomagnani.it\/myfpm\/wp-json\/wp\/v2\/types\/product"}],"wp:featuredmedia":[{"embeddable":true,"href":"https:\/\/www.palazzomagnani.it\/myfpm\/wp-json\/wp\/v2\/media\/1561"}],"wp:attachment":[{"href":"https:\/\/www.palazzomagnani.it\/myfpm\/wp-json\/wp\/v2\/media?parent=1233"}],"wp:term":[{"taxonomy":"product_brand","embeddable":true,"href":"https:\/\/www.palazzomagnani.it\/myfpm\/wp-json\/wp\/v2\/product_brand?post=1233"},{"taxonomy":"product_cat","embeddable":true,"href":"https:\/\/www.palazzomagnani.it\/myfpm\/wp-json\/wp\/v2\/product_cat?post=1233"},{"taxonomy":"product_tag","embeddable":true,"href":"https:\/\/www.palazzomagnani.it\/myfpm\/wp-json\/wp\/v2\/product_tag?post=1233"}],"curies":[{"name":"wp","href":"https:\/\/api.w.org\/{rel}","templated":true}]}}

<p>Il volume ripercorre l’intero arco dell’attività di Poli, con particolare riferimento al periodo di maggiore interesse nella sua produzione artistica, ovvero il ventennio tra la fine degli anni Quaranta e i primissimi anni Settanta. Poli nasce come artista figurativo. Dopo aver assorbito la lezione di Cézanne e di Matisse, già negli anni Trenta, subì il fascino del surrealismo e, negli anni Quaranta del postcubismo picassiano, per poi inoltrarsi liberamente nelle suggestioni del segno e della materia pittorica proprie dell’Informale, padroneggiati con talento e chiarezza di visione.<br />
Il periodo che va dai primi anni Cinquanta ai primi anni Settanta risente di una pittura di grande sensibilità e qualità, che evoca gli esiti di artisti quali Soulages, Hartung, Riopelle, Nicholson, William Scott, Pasmore, oltre che di alcuni protagonisti dell’espressionismo astratto americano.<br />
Uomo di grande cultura, Poli era un vorace lettore di romanzi, di poesie e di saggi di filosofia e di estetica, nonché appassionato di musica contemporanea (da John Cage a Karlheinz Stockhausen, ai quali dedicò alcuni dipinti, fino ai più innovativi gruppi pop internazionali); i commenti annotati nei quaderni d’appunti conservati nel Fondo Poli alla Biblioteca di Novellara, dimostrano un’inesausta curiosità. In verità, Poli mai si mosse dalla natia Novellara, salvo per gli obblighi derivanti dal servizio militare e per i viaggi intrapresi per recarsi a vedere mostre e musei, e può essere considerato uno degli esempi più fulgidi di come possa essere intesa la fedeltà alle proprie radici. Era tuttavia aperto al nuovo, guardava verso le esperienze artistiche e le idee che stavano cambiando il mondo. Nel 1939, Poli scriveva, con lucida consapevolezza della propria condizione, con una sorta di struggimento interiore: “Vivere in mezzo a gente che non aspira e non conosce i miei ideali, è un grande piacere per me. Così io resto più intensamente solo con i miei occhi e con la mia pittura. La gente che mi circonda non sa nulla di ciò che faccio, ragione di più per rimanere così tutto solo con l’arte e con me stesso.”</p>
