{"id":1234,"date":"2020-11-13T15:04:37","date_gmt":"2020-11-13T14:04:37","guid":{"rendered":"https:\/\/www.palazzomagnani.it\/myfpm\/product\/import-placeholder-for-9544\/"},"modified":"2020-12-09T16:50:55","modified_gmt":"2020-12-09T15:50:55","slug":"joan-mitchell-la-pittura-dei-due-mondi","status":"publish","type":"product","link":"https:\/\/www.palazzomagnani.it\/myfpm\/prodotto\/joan-mitchell-la-pittura-dei-due-mondi\/","title":{"rendered":"Joan Mitchell. La Pittura dei Due Mondi"},"content":{"rendered":"<p>Quarantasei lavori, provenienti dai maggiori musei americani e francesi, documentano l&#8217;opera di Joan Mitchell (Chicago, 1926 &#8211; Parigi, 1992), una delle pittrici americane pi\u00f9 importanti del XX secolo. La monografia, pubblicata in occasione della prima grande antologica in Italia, allestita a Palazzo Magnani nel 2009, a lei dedicata, presenta l&#8217;intero percorso dell&#8217;artista &#8211; dal 1950 agli ultimi dipinti realizzati nei giorni immediatamente precedenti la sua scomparsa &#8211; attraverso una selezione di opere, alcune di grandi dimensioni, quali &#8220;Les bleuets&#8221; (1973), &#8220;A small garden&#8221; (1980), entrambi del Centre Pompidou di Parigi e &#8220;Edrita Fried&#8221; della Joan Mitchell Foundation di New York. La pittura di Joan Mitchell, esito di un gesto che tradisce l&#8217;ansia e il desiderio di vivere e di dipingere, \u00e8 sempre di altissima qualit\u00e0, per l&#8217;equilibrio formale, gli accordi tonali, e lo svolgimento di un ritmo che si pu\u00f2 seguire in ogni sua opera.<\/p>\n","protected":false},"excerpt":{"rendered":"<p>Skira, 2009<br \/>\n24\u00d728 cm<br \/>\n232 pagine<\/p>\n","protected":false},"featured_media":1560,"template":"","meta":[],"product_brand":[],"product_cat":[30],"product_tag":[31,85,48],"class_list":{"0":"post-1234","1":"product","2":"type-product","3":"status-publish","4":"has-post-thumbnail","6":"product_cat-cataloghi-di-mostre","7":"product_tag-arte","8":"product_tag-joan-mitchell","9":"product_tag-pittura","11":"first","12":"instock","13":"sale","14":"shipping-taxable","15":"purchasable","16":"product-type-simple"},"_links":{"self":[{"href":"https:\/\/www.palazzomagnani.it\/myfpm\/wp-json\/wp\/v2\/product\/1234","targetHints":{"allow":["GET"]}}],"collection":[{"href":"https:\/\/www.palazzomagnani.it\/myfpm\/wp-json\/wp\/v2\/product"}],"about":[{"href":"https:\/\/www.palazzomagnani.it\/myfpm\/wp-json\/wp\/v2\/types\/product"}],"wp:featuredmedia":[{"embeddable":true,"href":"https:\/\/www.palazzomagnani.it\/myfpm\/wp-json\/wp\/v2\/media\/1560"}],"wp:attachment":[{"href":"https:\/\/www.palazzomagnani.it\/myfpm\/wp-json\/wp\/v2\/media?parent=1234"}],"wp:term":[{"taxonomy":"product_brand","embeddable":true,"href":"https:\/\/www.palazzomagnani.it\/myfpm\/wp-json\/wp\/v2\/product_brand?post=1234"},{"taxonomy":"product_cat","embeddable":true,"href":"https:\/\/www.palazzomagnani.it\/myfpm\/wp-json\/wp\/v2\/product_cat?post=1234"},{"taxonomy":"product_tag","embeddable":true,"href":"https:\/\/www.palazzomagnani.it\/myfpm\/wp-json\/wp\/v2\/product_tag?post=1234"}],"curies":[{"name":"wp","href":"https:\/\/api.w.org\/{rel}","templated":true}]}}