{"id":2891,"date":"2024-07-29T12:08:55","date_gmt":"2024-07-29T10:08:55","guid":{"rendered":"https:\/\/www.palazzomagnani.it\/myfpm\/?post_type=product&#038;p=2891"},"modified":"2025-08-01T14:29:31","modified_gmt":"2025-08-01T12:29:31","slug":"picnos-tshombe","status":"publish","type":"product","link":"https:\/\/www.palazzomagnani.it\/myfpm\/prodotto\/picnos-tshombe\/","title":{"rendered":"Picnos Tshomb\u00e9"},"content":{"rendered":"<p><strong>Picnos Tshomb\u00e9 di Gloria Oyarzabal<\/strong> (Winner of Landskrona Foto &amp; Breadfield Dummy Award 2017)<\/p>\n<p>editing by Gloria Oyazabal and Moritz Neum\u00fcller<br \/>\ndesign by Tres Tipos Graficos<\/p>\n<p>Un progetto che si affaccia da una finestra sulla storia per comprendere le conseguenze degli eventi di decenni fa sul mondo contemporaneo. La storia inizia negli anni Sessanta, quando si verificano i processi di decolonizzazione del continente africano, con la misteriosa scomparsa di un uomo chiave nella storia del Congo e ci porta all&#8217;attuale fenomeno dell&#8217;immigrazione africana. L&#8217;insieme di immagini, documenti e testi stabilisce fili e metafore che collegano il presente con il passato recente e ci fanno riflettere sul rapporto diseguale e complesso che si \u00e8 instaurato tra Europa e Africa, anzi, tra europei e africani. Picnolepsy \u00e8 un termine usato da Paul Virilio in The Aesthetics of Disappearance che pu\u00f2 essere definito come una crisi di assenza, un petit-mal, brevi episodi di coscienza alterata&#8230; Il tempo della nostra esistenza passa in momenti che scorrono linearmente senza interruzioni, ma il piccolo male produce tagli e il soggetto si sottrae a questa continuit\u00e0. Mois\u00e9 Tshomb\u00e9 era il leader secessionista del Katanga, una regione del Congo immensamente ricca di cobalto, uranio, oro, diamanti, rame e stagno. Accusato del crudele assassinio di Patrice Lumumba (il leader anticolonialista democraticamente eletto del Congo), nel 1963 and\u00f2 in esilio nella Spagna di Franco dove, quattro anni dopo, fu rapito in un complotto internazionale ancora da risolvere e fin\u00ec i suoi giorni nel 1969 dopo due anni di internamento in un campo militare in Algeria.<\/p>\n<p>&nbsp;<\/p>\n<p>&nbsp;<\/p>\n","protected":false},"excerpt":{"rendered":"<p><strong>Picnos Tshomb\u00e9 di Gloria Oyarzabal<\/strong><br \/>\n<strong>edit by WITTY BOOKS<\/strong><br \/>\nWinner of Landskrona Foto &amp; Breadfield Dummy Award 2017<\/p>\n<p>July 2018<br \/>\n17&#215;24 cm<br \/>\n142 pagine+ booklet 32 pagine<br \/>\nISBN 978-88-941882-7-1<\/p>\n<p>&nbsp;<\/p>\n","protected":false},"featured_media":2892,"template":"","meta":[],"product_brand":[],"product_cat":[30],"product_tag":[40,322,257],"class_list":{"0":"post-2891","1":"product","2":"type-product","3":"status-publish","4":"has-post-thumbnail","6":"product_cat-cataloghi-di-mostre","7":"product_tag-fotografia","8":"product_tag-fotografia-europea","9":"product_tag-gloria-oyarzabal","11":"first","12":"instock","13":"sale","14":"featured","15":"shipping-taxable","16":"purchasable","17":"product-type-simple"},"_links":{"self":[{"href":"https:\/\/www.palazzomagnani.it\/myfpm\/wp-json\/wp\/v2\/product\/2891","targetHints":{"allow":["GET"]}}],"collection":[{"href":"https:\/\/www.palazzomagnani.it\/myfpm\/wp-json\/wp\/v2\/product"}],"about":[{"href":"https:\/\/www.palazzomagnani.it\/myfpm\/wp-json\/wp\/v2\/types\/product"}],"wp:featuredmedia":[{"embeddable":true,"href":"https:\/\/www.palazzomagnani.it\/myfpm\/wp-json\/wp\/v2\/media\/2892"}],"wp:attachment":[{"href":"https:\/\/www.palazzomagnani.it\/myfpm\/wp-json\/wp\/v2\/media?parent=2891"}],"wp:term":[{"taxonomy":"product_brand","embeddable":true,"href":"https:\/\/www.palazzomagnani.it\/myfpm\/wp-json\/wp\/v2\/product_brand?post=2891"},{"taxonomy":"product_cat","embeddable":true,"href":"https:\/\/www.palazzomagnani.it\/myfpm\/wp-json\/wp\/v2\/product_cat?post=2891"},{"taxonomy":"product_tag","embeddable":true,"href":"https:\/\/www.palazzomagnani.it\/myfpm\/wp-json\/wp\/v2\/product_tag?post=2891"}],"curies":[{"name":"wp","href":"https:\/\/api.w.org\/{rel}","templated":true}]}}

Picnos Tshombé

<p><strong>Picnos Tshombé di Gloria Oyarzabal</strong> (Winner of Landskrona Foto &amp; Breadfield Dummy Award 2017)</p>
<p>editing by Gloria Oyazabal and Moritz Neumüller<br />
design by Tres Tipos Graficos</p>
<p>Un progetto che si affaccia da una finestra sulla storia per comprendere le conseguenze degli eventi di decenni fa sul mondo contemporaneo. La storia inizia negli anni Sessanta, quando si verificano i processi di decolonizzazione del continente africano, con la misteriosa scomparsa di un uomo chiave nella storia del Congo e ci porta all&#8217;attuale fenomeno dell&#8217;immigrazione africana. L&#8217;insieme di immagini, documenti e testi stabilisce fili e metafore che collegano il presente con il passato recente e ci fanno riflettere sul rapporto diseguale e complesso che si è instaurato tra Europa e Africa, anzi, tra europei e africani. Picnolepsy è un termine usato da Paul Virilio in The Aesthetics of Disappearance che può essere definito come una crisi di assenza, un petit-mal, brevi episodi di coscienza alterata&#8230; Il tempo della nostra esistenza passa in momenti che scorrono linearmente senza interruzioni, ma il piccolo male produce tagli e il soggetto si sottrae a questa continuità. Moisé Tshombé era il leader secessionista del Katanga, una regione del Congo immensamente ricca di cobalto, uranio, oro, diamanti, rame e stagno. Accusato del crudele assassinio di Patrice Lumumba (il leader anticolonialista democraticamente eletto del Congo), nel 1963 andò in esilio nella Spagna di Franco dove, quattro anni dopo, fu rapito in un complotto internazionale ancora da risolvere e finì i suoi giorni nel 1969 dopo due anni di internamento in un campo militare in Algeria.</p>
<p>&nbsp;</p>
<p>&nbsp;</p>

<p><strong>Picnos Tshombé di Gloria Oyarzabal</strong><br />
<strong>edit by WITTY BOOKS</strong><br />
Winner of Landskrona Foto &amp; Breadfield Dummy Award 2017</p>
<p>July 2018<br />
17&#215;24 cm<br />
142 pagine+ booklet 32 pagine<br />
ISBN 978-88-941882-7-1</p>
<p>&nbsp;</p>
