{"id":2928,"date":"2024-10-16T12:05:46","date_gmt":"2024-10-16T10:05:46","guid":{"rendered":"https:\/\/www.palazzomagnani.it\/myfpm\/?post_type=product&#038;p=2928"},"modified":"2024-10-16T12:13:32","modified_gmt":"2024-10-16T10:13:32","slug":"luciano-bertoli-frattempo","status":"publish","type":"product","link":"https:\/\/www.palazzomagnani.it\/myfpm\/prodotto\/luciano-bertoli-frattempo\/","title":{"rendered":"Luciano Bertoli Frattempo. Le curve di Mandelbrot"},"content":{"rendered":"<p>Catalogo della mostra <strong>Luciano Bertoli Frattempo. Le curve di Mandelbrot<\/strong>, a Palazzo da Mosto di Reggio Emilia (21 settembre &#8211; 24 novembre 2024).<\/p>\n<p>La mostra, una retrospettiva dedicata a <strong>Luciano Bertoli<\/strong>, per la prima volta nella sua citt\u00e0 natale dopo la scomparsa avvenuta nel 2021, \u00e8 promossa dalla Fondazione Palazzo Magnani e curata da <strong>Martina Corgnati<\/strong>.<\/p>\n<p>Il corpus principale della mostra, volta a riscoprire l\u2019interesse e l\u2019originalit\u00e0 di una ricerca lontana dal mainstream artistico e commerciale, \u00e8 composto proprio dalla serie di dipinti che d\u00e0 il nome alla mostra \u2013 Frattempo. Le curve di Mandelbrot \u2013 serie realizzata a partire dagli anni Novanta e mai esposta al pubblico, capace di evidenziare lo spiccato interesse dell\u2019artista per le scienze esatte. Il percorso espositivo \u00e8 completato da una ricca sezione dedicata alle opere del periodo precedente \u2013 dipinti, sculture, grafiche, disegni e assemblaggi \u2013 per presentare al pubblico le componenti essenziali di un percorso sperimentale nei materiali e nelle tecniche e sempre sostenuto da una genuina curiosit\u00e0 per il mondo delle macchine e della tecnica, protagoniste della societ\u00e0 a lui contemporanea e di altre civilt\u00e0 possibili, futuribili, fantascientifiche.<\/p>\n<p>Coniugando magia e tecnica, spirito fantastico alla Julius Verne e attitudine rigorosa da ingegnere, in cinquant\u2019anni di ricerca Luciano Bertoli \u00e8 stato in grado di intravedere aspetti della chirurgia e dell\u2019informatica, della cibernetica e della medicina, al tempo neppure concepibili, facendo dell\u2019arte, come conclude la curatrice, \u201cuno strumento per essere nel tempo, nel proprio tempo, come ponte per proiettare intuizione e intelligenza verso il mondo e l\u2019universo e le sue leggi\u201d.<\/p>\n<p>&nbsp;<\/p>\n","protected":false},"excerpt":{"rendered":"<p><strong>Luciano Bertoli<\/strong><br \/>\n<strong>Frattempo. Le curve di Mandelbrot<\/strong><\/p>\n<p><strong>Silvana editoriale<\/strong><br \/>\na cura di Silvia Cavalchi<br \/>\ntesto di Martina Corgnati<br \/>\n144 pagine, 85 immagini a colori,\u00a0 130 imm b\/n<br \/>\nCopertina cartonata<\/p>\n<p>&nbsp;<\/p>\n<p>&nbsp;<\/p>\n","protected":false},"featured_media":2929,"template":"","meta":[],"product_brand":[],"product_cat":[30],"product_tag":[461,462,463],"class_list":{"0":"post-2928","1":"product","2":"type-product","3":"status-publish","4":"has-post-thumbnail","6":"product_cat-cataloghi-di-mostre","7":"product_tag-luciano-bertoli","8":"product_tag-martina-corgnati","9":"product_tag-palazzo-da-mosto","11":"first","12":"instock","13":"sale","14":"featured","15":"shipping-taxable","16":"purchasable","17":"product-type-simple"},"_links":{"self":[{"href":"https:\/\/www.palazzomagnani.it\/myfpm\/wp-json\/wp\/v2\/product\/2928","targetHints":{"allow":["GET"]}}],"collection":[{"href":"https:\/\/www.palazzomagnani.it\/myfpm\/wp-json\/wp\/v2\/product"}],"about":[{"href":"https:\/\/www.palazzomagnani.it\/myfpm\/wp-json\/wp\/v2\/types\/product"}],"wp:featuredmedia":[{"embeddable":true,"href":"https:\/\/www.palazzomagnani.it\/myfpm\/wp-json\/wp\/v2\/media\/2929"}],"wp:attachment":[{"href":"https:\/\/www.palazzomagnani.it\/myfpm\/wp-json\/wp\/v2\/media?parent=2928"}],"wp:term":[{"taxonomy":"product_brand","embeddable":true,"href":"https:\/\/www.palazzomagnani.it\/myfpm\/wp-json\/wp\/v2\/product_brand?post=2928"},{"taxonomy":"product_cat","embeddable":true,"href":"https:\/\/www.palazzomagnani.it\/myfpm\/wp-json\/wp\/v2\/product_cat?post=2928"},{"taxonomy":"product_tag","embeddable":true,"href":"https:\/\/www.palazzomagnani.it\/myfpm\/wp-json\/wp\/v2\/product_tag?post=2928"}],"curies":[{"name":"wp","href":"https:\/\/api.w.org\/{rel}","templated":true}]}}

<p>Catalogo della mostra <strong>Luciano Bertoli Frattempo. Le curve di Mandelbrot</strong>, a Palazzo da Mosto di Reggio Emilia (21 settembre &#8211; 24 novembre 2024).</p>
<p>La mostra, una retrospettiva dedicata a <strong>Luciano Bertoli</strong>, per la prima volta nella sua città natale dopo la scomparsa avvenuta nel 2021, è promossa dalla Fondazione Palazzo Magnani e curata da <strong>Martina Corgnati</strong>.</p>
<p>Il corpus principale della mostra, volta a riscoprire l’interesse e l’originalità di una ricerca lontana dal mainstream artistico e commerciale, è composto proprio dalla serie di dipinti che dà il nome alla mostra – Frattempo. Le curve di Mandelbrot – serie realizzata a partire dagli anni Novanta e mai esposta al pubblico, capace di evidenziare lo spiccato interesse dell’artista per le scienze esatte. Il percorso espositivo è completato da una ricca sezione dedicata alle opere del periodo precedente – dipinti, sculture, grafiche, disegni e assemblaggi – per presentare al pubblico le componenti essenziali di un percorso sperimentale nei materiali e nelle tecniche e sempre sostenuto da una genuina curiosità per il mondo delle macchine e della tecnica, protagoniste della società a lui contemporanea e di altre civiltà possibili, futuribili, fantascientifiche.</p>
<p>Coniugando magia e tecnica, spirito fantastico alla Julius Verne e attitudine rigorosa da ingegnere, in cinquant’anni di ricerca Luciano Bertoli è stato in grado di intravedere aspetti della chirurgia e dell’informatica, della cibernetica e della medicina, al tempo neppure concepibili, facendo dell’arte, come conclude la curatrice, “uno strumento per essere nel tempo, nel proprio tempo, come ponte per proiettare intuizione e intelligenza verso il mondo e l’universo e le sue leggi”.</p>
<p>&nbsp;</p>
