{"id":3111,"date":"2025-05-07T13:33:29","date_gmt":"2025-05-07T11:33:29","guid":{"rendered":"https:\/\/www.palazzomagnani.it\/myfpm\/?post_type=product&#038;p=3111"},"modified":"2025-05-07T15:12:33","modified_gmt":"2025-05-07T13:12:33","slug":"fotografia-europea-2025-avere-vent-anni","status":"publish","type":"product","link":"https:\/\/www.palazzomagnani.it\/myfpm\/prodotto\/fotografia-europea-2025-avere-vent-anni\/","title":{"rendered":"Fotografia Europea 2025 &#8220;Avere vent&#8217;anni&#8221;"},"content":{"rendered":"<p>Catalogo della ventesima edizione del festival Fotografia Europea<br \/>\n<em>Avere vent&#8217;anni<\/em><br \/>\na cura di Silvia Cavalchi<br \/>\nTesti di Tim Clark, Walter Guadagnini e Luce Lebart<\/p>\n<p>Fotografia Europea compie vent\u2019anni e celebra questo importante traguardo dedicando l\u2019edizione 2025 a una riflessione proprio su quel periodo della vita. Nella biografia di una persona, vent\u2019anni segnano la linea d\u2019ombra, la fine dell\u2019innocenza e, insieme, hanno il sapore della libert\u00e0 e dell\u2019indipendenza. A vent\u2019anni si pu\u00f2 ancora diventare tutto, ma ci si pu\u00f2 anche scoprire soli, separati dal mondo e dall\u2019eredit\u00e0 della famiglia. Avere vent\u2019anni \u00e8 come navigare in un oceano di possibilit\u00e0, senza una mappa precisa. Si affrontano aspettative immense, sia personali sia sociali. \u00c8 un\u2019et\u00e0 di sogni grandi e di enormi sfide ideali, dove ogni giorno pu\u00f2 essere un\u2019occasione per scoprire chi si \u00e8 e chi si vuole diventare.<\/p>\n<p>\u2022 Artisti: Andy Sewell, Claudio Majorana, Ghazal Golshiri &amp; Marie Sumalla, Vinca Petersen, Jessica Ingram, Kido Mafon, Thadd\u00e9 Comar, Toma Gerzha, Karla Hiraldo Voleau, Federica Sasso, Matylda Ni\u017cegorodcew, Michele Borzoni &amp; Rocco Rorandelli, Daido Moriyama, R\u00e4 di Martino, Luigi Ghirri, Viviane Sassen, Daniele Cimaglia e Giuseppe Odore, Rosa Lacavalla, Sara Lepore, Grace Martella, Erdiola Kanda Mustafaj, Serena Radicioli, Davide Sartori, Myriam Meloni, Halima Gongo, Gertrude Malizeni e Nelsa Guambe<\/p>\n","protected":false},"excerpt":{"rendered":"<p>SilvanaEditoriale, 2025<br \/>\n21 x 28 cm<br \/>\n296 pagine<br \/>\ntesti in italiano e inglese<\/p>\n","protected":false},"featured_media":3112,"template":"","meta":[],"product_brand":[],"product_cat":[30],"product_tag":[469,470,481,484,490,488,478,492,471,487,491,473,477,474,259,479,480,308,482,485,486,489,475,476,472,483],"class_list":["post-3111","product","type-product","status-publish","has-post-thumbnail","product_cat-cataloghi-di-mostre","product_tag-andy-sewell","product_tag-claudio-majorana","product_tag-daido-moriyama","product_tag-daniele-cimaglia-e-giuseppe-odore","product_tag-davide-sartori","product_tag-erdiola-kanda-mustafaj","product_tag-federica-sasso","product_tag-gertrude-malizeni-e-nelsa-guambe","product_tag-ghazal-golshiri-marie-sumalla","product_tag-grace-martella","product_tag-halima-gongo","product_tag-jessica-ingram","product_tag-karla-hiraldo-voleau","product_tag-kido-mafon","product_tag-luigi-ghirri","product_tag-matylda-nizegorodcew","product_tag-michele-borzoni-rocco-rorandelli","product_tag-myriam-meloni","product_tag-ra-di-martino","product_tag-rosa-lacavalla","product_tag-sara-lepore","product_tag-serena-radicioli","product_tag-thadde-comar","product_tag-toma-gerzha","product_tag-vinca-petersen","product_tag-viviane-sassen","first","instock","featured","shipping-taxable","purchasable","product-type-simple"],"_links":{"self":[{"href":"https:\/\/www.palazzomagnani.it\/myfpm\/wp-json\/wp\/v2\/product\/3111","targetHints":{"allow":["GET"]}}],"collection":[{"href":"https:\/\/www.palazzomagnani.it\/myfpm\/wp-json\/wp\/v2\/product"}],"about":[{"href":"https:\/\/www.palazzomagnani.it\/myfpm\/wp-json\/wp\/v2\/types\/product"}],"wp:featuredmedia":[{"embeddable":true,"href":"https:\/\/www.palazzomagnani.it\/myfpm\/wp-json\/wp\/v2\/media\/3112"}],"wp:attachment":[{"href":"https:\/\/www.palazzomagnani.it\/myfpm\/wp-json\/wp\/v2\/media?parent=3111"}],"wp:term":[{"taxonomy":"product_brand","embeddable":true,"href":"https:\/\/www.palazzomagnani.it\/myfpm\/wp-json\/wp\/v2\/product_brand?post=3111"},{"taxonomy":"product_cat","embeddable":true,"href":"https:\/\/www.palazzomagnani.it\/myfpm\/wp-json\/wp\/v2\/product_cat?post=3111"},{"taxonomy":"product_tag","embeddable":true,"href":"https:\/\/www.palazzomagnani.it\/myfpm\/wp-json\/wp\/v2\/product_tag?post=3111"}],"curies":[{"name":"wp","href":"https:\/\/api.w.org\/{rel}","templated":true}]}}

<p>Catalogo della ventesima edizione del festival Fotografia Europea<br />
<em>Avere vent&#8217;anni</em><br />
a cura di Silvia Cavalchi<br />
Testi di Tim Clark, Walter Guadagnini e Luce Lebart</p>
<p>Fotografia Europea compie vent’anni e celebra questo importante traguardo dedicando l’edizione 2025 a una riflessione proprio su quel periodo della vita. Nella biografia di una persona, vent’anni segnano la linea d’ombra, la fine dell’innocenza e, insieme, hanno il sapore della libertà e dell’indipendenza. A vent’anni si può ancora diventare tutto, ma ci si può anche scoprire soli, separati dal mondo e dall’eredità della famiglia. Avere vent’anni è come navigare in un oceano di possibilità, senza una mappa precisa. Si affrontano aspettative immense, sia personali sia sociali. È un’età di sogni grandi e di enormi sfide ideali, dove ogni giorno può essere un’occasione per scoprire chi si è e chi si vuole diventare.</p>
<p>• Artisti: Andy Sewell, Claudio Majorana, Ghazal Golshiri &amp; Marie Sumalla, Vinca Petersen, Jessica Ingram, Kido Mafon, Thaddé Comar, Toma Gerzha, Karla Hiraldo Voleau, Federica Sasso, Matylda Niżegorodcew, Michele Borzoni &amp; Rocco Rorandelli, Daido Moriyama, Rä di Martino, Luigi Ghirri, Viviane Sassen, Daniele Cimaglia e Giuseppe Odore, Rosa Lacavalla, Sara Lepore, Grace Martella, Erdiola Kanda Mustafaj, Serena Radicioli, Davide Sartori, Myriam Meloni, Halima Gongo, Gertrude Malizeni e Nelsa Guambe</p>
